{"id":43,"date":"2025-07-08T12:12:54","date_gmt":"2025-07-08T10:12:54","guid":{"rendered":"http:\/\/dream-silesia.polsl.pl\/?page_id=43"},"modified":"2025-07-08T12:13:30","modified_gmt":"2025-07-08T10:13:30","slug":"nowoczesnosc","status":"publish","type":"page","link":"https:\/\/dream-silesia.polsl.pl\/?page_id=43","title":{"rendered":"Innovative Ideas in Architecture"},"content":{"rendered":"\n<p><img decoding=\"async\" class=\"wp-image-1229\" style=\"width: 150px;\" src=\"http:\/\/dream-silesia.polsl.pl\/wp-content\/uploads\/2025\/07\/logo_NOWO.png\" alt=\"\"><\/p>\n\n\n\n<p>The conference will analyse the role of the architect and the impact of the architectural design process on the transformation of the built environment \u2013 the creation of contemporary architectural and urban planning solutions in the context of the phenomenon of globalisation and the climate crisis, the development of new technologies, the emergence of new social situations and needs, and culture and natural heritage at the local level. Issues concerning innovative methods of transforming the architectural message, the search for inspiration to show the consequences of globalisation and new technologies in the transformation of architectural space will not be overlooked.&nbsp;<\/p>\n\n\n\n<p>The discourse undertaken will be a further attempt to find answers to the research questions posed:<\/p>\n\n\n\n<ul class=\"wp-block-list\">\n<li>How can the continuity of the character of regions be preserved in the context of the creation of urban and architectural space under conditions of increasing globalisation?<\/li>\n\n\n\n<li>How do developments in new technologies affect architecture, the quality of the built and natural environment, in the context of the climate crisis?<\/li>\n<\/ul>\n\n\n\n<p>The discussion will take place in two planned plenary sessions:<\/p>\n\n\n\n<p><strong>The Logic of Locality in the Age of Globalisation<\/strong><\/p>\n\n\n\n<ul class=\"wp-block-list\">\n<li>Modernityand postmodernity in the age of globalisation,<\/li>\n\n\n\n<li>&#8222;Glimmers and shadows&#8221; of globalisation \u2013 global trends, local opportunities and their influence on shaping architecture,<\/li>\n\n\n\n<li>Shaping contemporary architectural and urban space in the social, historical and cultural context,<\/li>\n\n\n\n<li>City space and public utility architecture as fields of social innovation in the context of global and local conditions,<\/li>\n\n\n\n<li>Influence of inspiration on shaping architecture and the perception of recipients in the context of globalisation and local conditions,<\/li>\n\n\n\n<li>Redefinition of the notion of &#8222;materiality&#8221; in architecture,<\/li>\n\n\n\n<li>Durability of architectural patterns vs. dynamics of change in the built environment,<\/li>\n\n\n\n<li>Design as a creative research process \u2013 the role of the architect in the creation of the contemporary built environment and the development of theoretical foundations of design practice.<\/li>\n<\/ul>\n\n\n\n<p><strong>Closed loop architecture<\/strong><\/p>\n\n\n\n<ul class=\"wp-block-list\">\n<li>The relationship between the built and natural environment,<\/li>\n\n\n\n<li>Architecture as a field of social, technological, material innovation,<\/li>\n\n\n\n<li>Closed loop construction \u2013 circular architecture,<\/li>\n\n\n\n<li>The 7 &#8222;R&#8221; principles: Refuse, Reduce, Reuse, Repurpose, Recycle, Rethink, Renew.<\/li>\n<\/ul>\n\n\n\n<p><strong>Modular architecture<\/strong><\/p>\n\n\n\n<ul class=\"wp-block-list\">\n<li>EU taxonomy as a new design axiom,<\/li>\n\n\n\n<li>Smart City architecture and urbanism,<\/li>\n\n\n\n<li>Design as a creative research process.<\/li>\n<\/ul>\n\n\n\n<hr class=\"wp-block-separator has-alpha-channel-opacity\"\/>\n\n\n\n<p>Konferencja b\u0119dzie po\u015bwi\u0119cona analizie roli architekta oraz wp\u0142ywowi procesu projektowania architektonicznego na transformacj\u0119 \u015brodowiska zbudowanego &#8211; kreacj\u0119 wsp\u00f3\u0142czesnych rozwi\u0105za\u0144 architektonicznych i urbanistycznych w kontek\u015bcie zjawiska globalizacji i kryzysu klimatycznego, rozwoju nowych technologii, pojawiania si\u0119 nowych sytuacji i&nbsp;potrzeb spo\u0142ecznych oraz kultury i dziedzictwa przyrodniczego na poziomie lokalnym. Nie zostan\u0105 pomini\u0119te zagadnienia dotycz\u0105ce innowacyjnych metod transformacji przekazu architektonicznego, poszukiwania inspiracji w\u202fcelu ukazania konsekwencji globalizacji i nowych technologii w transformacji przestrzeni architektonicznej.&nbsp;&nbsp;<\/p>\n\n\n\n<p>Podejmowany dyskurs b\u0119dzie stanowi\u0107 kolejn\u0105 pr\u00f3b\u0119 znalezienia odpowiedzi na postawione pytania badawcze:&nbsp;<\/p>\n\n\n\n<ul class=\"wp-block-list\">\n<li>Jak w warunkach\u202fpost\u0119puj\u0105cej globalizacji\u202fzachowa\u0107 ci\u0105g\u0142o\u015b\u0107 charakteru region\u00f3w, w kontek\u015bcie kreowania przestrzeni urbanistycznej i architektonicznej?<\/li>\n\n\n\n<li>Jak rozw\u00f3j nowych technologii\u00a0wp\u0142ywa na architektur\u0119, jako\u015b\u0107 \u015brodowisk zbudowanego i przyrodniczego, w kontek\u015bcie kryzysu klimatycznego?\u00a0<\/li>\n<\/ul>\n\n\n\n<p>Dyskusja b\u0119dzie prowadzona w ramach planowanych dw\u00f3ch sesji plenarnych:&nbsp;<\/p>\n\n\n\n<p><strong>Logika lokalno\u015bci w dobie globalizacji<\/strong><\/p>\n\n\n\n<ul class=\"wp-block-list\">\n<li>Nowoczesno\u015b\u0107 i ponowoczesno\u015b\u0107 w dobie globalizacji.<\/li>\n\n\n\n<li>&#8222;Blaski i cienie&#8221; globalizacji \u2013 globalne trendy, lokalne mo\u017cliwo\u015bci i ich wp\u0142yw na kszta\u0142towanie architektury.<\/li>\n\n\n\n<li>Kszta\u0142towanie wsp\u00f3\u0142czesnej przestrzeni architektonicznej i urbanistycznej w\u00a0kontek\u015bcie spo\u0142ecznym, historycznym i kulturowym.<\/li>\n\n\n\n<li>Przestrze\u0144 miasta i architektura u\u017cyteczno\u015bci publicznej, jako pola innowacji spo\u0142ecznej w\u00a0kontek\u015bcie uwarunkowa\u0144 globalnych i lokalnych.<\/li>\n\n\n\n<li>Wp\u0142yw inspiracji na kszta\u0142towanie\u00a0architektury oraz percepcj\u0119 odbiorc\u00f3w w kontek\u015bcie globalizacji i uwarunkowa\u0144 lokalnych.<\/li>\n\n\n\n<li>Redefinicja poj\u0119cia \u201ematerialno\u015bci\u201d w architekturze.<\/li>\n\n\n\n<li>Trwa\u0142o\u015b\u0107 architektonicznych wzorc\u00f3w vs. dynamika zmian\u00a0\u015brodowiska zbudowanego.<\/li>\n\n\n\n<li>Projektowanie jako tw\u00f3rczy proces badawczy \u2013 rola architekta w\u00a0kreowaniu wsp\u00f3\u0142czesnego \u015brodowiska zbudowanego oraz rozwoju teoretycznych podstaw praktyki projektowej.<\/li>\n<\/ul>\n\n\n\n<p><strong>Architektura obiegu zamkni\u0119tego<\/strong><\/p>\n\n\n\n<ul class=\"wp-block-list\">\n<li>Relacje pomi\u0119dzy \u015brodowiskiem zbudowanym a przyrodniczym.<\/li>\n\n\n\n<li>Architektura jako pole innowacji spo\u0142ecznych, technologicznych, materia\u0142owych.<\/li>\n\n\n\n<li>Budownictwo w obiegu zamkni\u0119tym \u2013 architektura cyrkularna.<\/li>\n\n\n\n<li>Zasady 7 &#8222;R&#8221;: Refuse, Reduce, Reuse, Repurpose, Recycle,\u00a0Rethink, Renew.<\/li>\n<\/ul>\n\n\n\n<p><strong>Architektura modu<\/strong><strong>\u0142<\/strong><strong>owa<\/strong><\/p>\n\n\n\n<ul class=\"wp-block-list\">\n<li>Taksonomia UE jako nowy aksjomat projektowania.<\/li>\n\n\n\n<li>Architektura i urbanistyka Smart City.<\/li>\n\n\n\n<li>Projektowanie jako tw\u00f3rczy proces badawczy.<\/li>\n<\/ul>\n","protected":false},"excerpt":{"rendered":"<p>The conference will analyse the role of the architect and the impact of the architectural design process on the transformation of the built environment \u2013 the creation of contemporary architectural and urban planning solutions in the context of the phenomenon of globalisation and the climate crisis, the development of new technologies, the emergence of new [&hellip;]<\/p>\n","protected":false},"author":2,"featured_media":0,"parent":0,"menu_order":0,"comment_status":"closed","ping_status":"closed","template":"","meta":{"om_disable_all_campaigns":false,"_monsterinsights_skip_tracking":false,"_monsterinsights_sitenote_active":false,"_monsterinsights_sitenote_note":"","_monsterinsights_sitenote_category":0,"footnotes":""},"class_list":["post-43","page","type-page","status-publish","hentry"],"_links":{"self":[{"href":"https:\/\/dream-silesia.polsl.pl\/index.php?rest_route=\/wp\/v2\/pages\/43","targetHints":{"allow":["GET"]}}],"collection":[{"href":"https:\/\/dream-silesia.polsl.pl\/index.php?rest_route=\/wp\/v2\/pages"}],"about":[{"href":"https:\/\/dream-silesia.polsl.pl\/index.php?rest_route=\/wp\/v2\/types\/page"}],"author":[{"embeddable":true,"href":"https:\/\/dream-silesia.polsl.pl\/index.php?rest_route=\/wp\/v2\/users\/2"}],"replies":[{"embeddable":true,"href":"https:\/\/dream-silesia.polsl.pl\/index.php?rest_route=%2Fwp%2Fv2%2Fcomments&post=43"}],"version-history":[{"count":19,"href":"https:\/\/dream-silesia.polsl.pl\/index.php?rest_route=\/wp\/v2\/pages\/43\/revisions"}],"predecessor-version":[{"id":2353,"href":"https:\/\/dream-silesia.polsl.pl\/index.php?rest_route=\/wp\/v2\/pages\/43\/revisions\/2353"}],"wp:attachment":[{"href":"https:\/\/dream-silesia.polsl.pl\/index.php?rest_route=%2Fwp%2Fv2%2Fmedia&parent=43"}],"curies":[{"name":"wp","href":"https:\/\/api.w.org\/{rel}","templated":true}]}}

<p><img decoding="async" class="wp-image-1229" style="width: 150px;" src="http://dream-silesia.polsl.pl/wp-content/uploads/2025/07/logo_NOWO.png" alt=""></p>



<p>The conference will analyse the role of the architect and the impact of the architectural design process on the transformation of the built environment – the creation of contemporary architectural and urban planning solutions in the context of the phenomenon of globalisation and the climate crisis, the development of new technologies, the emergence of new social situations and needs, and culture and natural heritage at the local level. Issues concerning innovative methods of transforming the architectural message, the search for inspiration to show the consequences of globalisation and new technologies in the transformation of architectural space will not be overlooked.&nbsp;</p>



<p>The discourse undertaken will be a further attempt to find answers to the research questions posed:</p>



<ul class="wp-block-list">
<li>How can the continuity of the character of regions be preserved in the context of the creation of urban and architectural space under conditions of increasing globalisation?</li>



<li>How do developments in new technologies affect architecture, the quality of the built and natural environment, in the context of the climate crisis?</li>
</ul>



<p>The discussion will take place in two planned plenary sessions:</p>



<p><strong>The Logic of Locality in the Age of Globalisation</strong></p>



<ul class="wp-block-list">
<li>Modernityand postmodernity in the age of globalisation,</li>



<li>&#8222;Glimmers and shadows&#8221; of globalisation – global trends, local opportunities and their influence on shaping architecture,</li>



<li>Shaping contemporary architectural and urban space in the social, historical and cultural context,</li>



<li>City space and public utility architecture as fields of social innovation in the context of global and local conditions,</li>



<li>Influence of inspiration on shaping architecture and the perception of recipients in the context of globalisation and local conditions,</li>



<li>Redefinition of the notion of &#8222;materiality&#8221; in architecture,</li>



<li>Durability of architectural patterns vs. dynamics of change in the built environment,</li>



<li>Design as a creative research process – the role of the architect in the creation of the contemporary built environment and the development of theoretical foundations of design practice.</li>
</ul>



<p><strong>Closed loop architecture</strong></p>



<ul class="wp-block-list">
<li>The relationship between the built and natural environment,</li>



<li>Architecture as a field of social, technological, material innovation,</li>



<li>Closed loop construction – circular architecture,</li>



<li>The 7 &#8222;R&#8221; principles: Refuse, Reduce, Reuse, Repurpose, Recycle, Rethink, Renew.</li>
</ul>



<p><strong>Modular architecture</strong></p>



<ul class="wp-block-list">
<li>EU taxonomy as a new design axiom,</li>



<li>Smart City architecture and urbanism,</li>



<li>Design as a creative research process.</li>
</ul>



<hr class="wp-block-separator has-alpha-channel-opacity"/>



<p>Konferencja będzie poświęcona analizie roli architekta oraz wpływowi procesu projektowania architektonicznego na transformację środowiska zbudowanego &#8211; kreację współczesnych rozwiązań architektonicznych i urbanistycznych w kontekście zjawiska globalizacji i kryzysu klimatycznego, rozwoju nowych technologii, pojawiania się nowych sytuacji i&nbsp;potrzeb społecznych oraz kultury i dziedzictwa przyrodniczego na poziomie lokalnym. Nie zostaną pominięte zagadnienia dotyczące innowacyjnych metod transformacji przekazu architektonicznego, poszukiwania inspiracji w celu ukazania konsekwencji globalizacji i nowych technologii w transformacji przestrzeni architektonicznej.&nbsp;&nbsp;</p>



<p>Podejmowany dyskurs będzie stanowić kolejną próbę znalezienia odpowiedzi na postawione pytania badawcze:&nbsp;</p>



<ul class="wp-block-list">
<li>Jak w warunkach postępującej globalizacji zachować ciągłość charakteru regionów, w kontekście kreowania przestrzeni urbanistycznej i architektonicznej?</li>



<li>Jak rozwój nowych technologii wpływa na architekturę, jakość środowisk zbudowanego i przyrodniczego, w kontekście kryzysu klimatycznego? </li>
</ul>



<p>Dyskusja będzie prowadzona w ramach planowanych dwóch sesji plenarnych:&nbsp;</p>



<p><strong>Logika lokalności w dobie globalizacji</strong></p>



<ul class="wp-block-list">
<li>Nowoczesność i ponowoczesność w dobie globalizacji.</li>



<li>&#8222;Blaski i cienie&#8221; globalizacji – globalne trendy, lokalne możliwości i ich wpływ na kształtowanie architektury.</li>



<li>Kształtowanie współczesnej przestrzeni architektonicznej i urbanistycznej w kontekście społecznym, historycznym i kulturowym.</li>



<li>Przestrzeń miasta i architektura użyteczności publicznej, jako pola innowacji społecznej w kontekście uwarunkowań globalnych i lokalnych.</li>



<li>Wpływ inspiracji na kształtowanie architektury oraz percepcję odbiorców w kontekście globalizacji i uwarunkowań lokalnych.</li>



<li>Redefinicja pojęcia „materialności” w architekturze.</li>



<li>Trwałość architektonicznych wzorców vs. dynamika zmian środowiska zbudowanego.</li>



<li>Projektowanie jako twórczy proces badawczy – rola architekta w kreowaniu współczesnego środowiska zbudowanego oraz rozwoju teoretycznych podstaw praktyki projektowej.</li>
</ul>



<p><strong>Architektura obiegu zamkniętego</strong></p>



<ul class="wp-block-list">
<li>Relacje pomiędzy środowiskiem zbudowanym a przyrodniczym.</li>



<li>Architektura jako pole innowacji społecznych, technologicznych, materiałowych.</li>



<li>Budownictwo w obiegu zamkniętym – architektura cyrkularna.</li>



<li>Zasady 7 &#8222;R&#8221;: Refuse, Reduce, Reuse, Repurpose, Recycle, Rethink, Renew.</li>
</ul>



<p><strong>Architektura modu</strong><strong>ł</strong><strong>owa</strong></p>



<ul class="wp-block-list">
<li>Taksonomia UE jako nowy aksjomat projektowania.</li>



<li>Architektura i urbanistyka Smart City.</li>



<li>Projektowanie jako twórczy proces badawczy.</li>
</ul>
