{"id":2997,"date":"2026-03-24T07:43:16","date_gmt":"2026-03-24T06:43:16","guid":{"rendered":"https:\/\/dream-silesia.polsl.pl\/?page_id=2997"},"modified":"2026-03-25T10:09:01","modified_gmt":"2026-03-25T09:09:01","slug":"exhibition","status":"publish","type":"page","link":"https:\/\/dream-silesia.polsl.pl\/?page_id=2997","title":{"rendered":"Exhibition"},"content":{"rendered":"\n<p><strong>THE POETICS OF MATERIALITY. THE PHENOMENON OF SWISS ARCHITECTURE<\/strong><\/p>\n\n\n\n<p><strong>25.05.-08.06.2026, Faculty of Architecture, Silesian University of Technology<\/strong><\/p>\n\n\n\n<p><strong>THE POETICS OF MATERIALITY. THE PHENOMENON OF SWISS ARCHITECTURE<\/strong><\/p>\n\n\n\n<p><strong>LANDSCAPE VS IDENTITY<\/strong><\/p>\n\n\n\n<p><strong>WOOD IN ARCHITECTURE, STRICKBAU, SWISS FARMHOUSE<\/strong><\/p>\n\n\n\n<p><strong>CIVIC CULTURE AND THE ARCHITECTURE OF LOCAL COMMUNITIES<\/strong><\/p>\n\n\n\n<p><strong>BOLTSHAUSER, CAMINADA, NEO ARCHITEKTUR, OLGIATTI, ZUMTHOR &#8230;<\/strong><\/p>\n\n\n\n<p><strong>AND THE INDIGENOUS ARCHITECTURE OF SWITZERLAND<\/strong><br><br><\/p>\n\n\n\n<p>Event as part of the ArchiDREAM Silesia 2026 conference: Innovative Ideas in Architecture<br><br><\/p>\n\n\n\n<p>An exhibition summarising the fieldwork carried out by staff from the RAr-2 Department in 2025 as part of the project: <em>Methods for improving the quality of public spaces in the built environment through architectural and urban design, in the era of sustainable development, new technologies and the redefinition of the concept of \u2018materiality\u2019 in architecture.<\/em><br><br><\/p>\n\n\n\n<p>Exhibition curators:<\/p>\n\n\n\n<ul class=\"wp-block-list\">\n<li>dr hab. in\u017c. arch. Beata Majerska-Pa\u0142ubicka, prof. P\u015a;<\/li>\n\n\n\n<li>dr in\u017c. arch. Jan Kubec;<\/li>\n\n\n\n<li>dr in\u017c. arch. Damian Radwa\u0144ski;<\/li>\n\n\n\n<li>dr hab. in\u017c. arch. Ma\u0142gorzata Balcer-Zgraja, prof. P\u015a<\/li>\n<\/ul>\n","protected":false},"excerpt":{"rendered":"<p>THE POETICS OF MATERIALITY. THE PHENOMENON OF SWISS ARCHITECTURE 25.05.-08.06.2026, Faculty of Architecture, Silesian University of Technology THE POETICS OF MATERIALITY. THE PHENOMENON OF SWISS ARCHITECTURE LANDSCAPE VS IDENTITY WOOD IN ARCHITECTURE, STRICKBAU, SWISS FARMHOUSE CIVIC CULTURE AND THE ARCHITECTURE OF LOCAL COMMUNITIES BOLTSHAUSER, CAMINADA, NEO ARCHITEKTUR, OLGIATTI, ZUMTHOR &#8230; AND THE INDIGENOUS ARCHITECTURE OF [&hellip;]<\/p>\n","protected":false},"author":2,"featured_media":0,"parent":0,"menu_order":0,"comment_status":"closed","ping_status":"closed","template":"","meta":{"om_disable_all_campaigns":false,"_monsterinsights_skip_tracking":false,"_monsterinsights_sitenote_active":false,"_monsterinsights_sitenote_note":"","_monsterinsights_sitenote_category":0,"footnotes":""},"class_list":["post-2997","page","type-page","status-publish","hentry"],"_links":{"self":[{"href":"https:\/\/dream-silesia.polsl.pl\/index.php?rest_route=\/wp\/v2\/pages\/2997","targetHints":{"allow":["GET"]}}],"collection":[{"href":"https:\/\/dream-silesia.polsl.pl\/index.php?rest_route=\/wp\/v2\/pages"}],"about":[{"href":"https:\/\/dream-silesia.polsl.pl\/index.php?rest_route=\/wp\/v2\/types\/page"}],"author":[{"embeddable":true,"href":"https:\/\/dream-silesia.polsl.pl\/index.php?rest_route=\/wp\/v2\/users\/2"}],"replies":[{"embeddable":true,"href":"https:\/\/dream-silesia.polsl.pl\/index.php?rest_route=%2Fwp%2Fv2%2Fcomments&post=2997"}],"version-history":[{"count":5,"href":"https:\/\/dream-silesia.polsl.pl\/index.php?rest_route=\/wp\/v2\/pages\/2997\/revisions"}],"predecessor-version":[{"id":3016,"href":"https:\/\/dream-silesia.polsl.pl\/index.php?rest_route=\/wp\/v2\/pages\/2997\/revisions\/3016"}],"wp:attachment":[{"href":"https:\/\/dream-silesia.polsl.pl\/index.php?rest_route=%2Fwp%2Fv2%2Fmedia&parent=2997"}],"curies":[{"name":"wp","href":"https:\/\/api.w.org\/{rel}","templated":true}]}}