{"id":2720,"date":"2025-11-16T22:34:04","date_gmt":"2025-11-16T21:34:04","guid":{"rendered":"https:\/\/dream-silesia.polsl.pl\/?page_id=2720"},"modified":"2025-11-16T22:35:43","modified_gmt":"2025-11-16T21:35:43","slug":"phd-student-session","status":"publish","type":"page","link":"https:\/\/dream-silesia.polsl.pl\/?page_id=2720","title":{"rendered":"PhD Student Session"},"content":{"rendered":"\n<p><strong>Scientific Session for PhD Students under the Patronage of Architecture and Urban Planning Committee, Polish Academy of Science, Dep. in Katowice<\/strong><\/p>\n\n\n\n<p>We invite doctoral students to participate in the scientific session for PhD candidates under the patronage of AiU PAN. Participation is possible in two formats\u2014participants may choose one of the following:<\/p>\n\n\n\n<ul class=\"wp-block-list\">\n<li>Oral presentation as part of the scientific session (10-minute presentation);<\/li>\n\n\n\n<li>Scientific poster presented within the poster session (3-minute presentation).<\/li>\n<\/ul>\n\n\n\n<p>The sessions will be conducted under the guidance of esteemed professors with recognized academic achievements as well as experienced PhD supervisors. The best presentations in both categories will be awarded an Certificate of Architecture and Urban Planning Committee, Polish Academy of Science, Dep. in Katowice and a prize for the best presentation.<\/p>\n\n\n\n<hr class=\"wp-block-separator has-alpha-channel-opacity\"\/>\n\n\n\n<p><strong>Sesja naukowa doktorant\u00f3w pod patronatem Komisji Architektury i Urbanistyki PAN<\/strong><\/p>\n\n\n\n<p>Zapraszamy Pa\u0144stwa doktorant\u00f3w do udzia\u0142u w sesji naukowej doktorant\u00f3w pod patronatem AiU PAN. Mo\u017cliwy jest udzia\u0142 w dw\u00f3ch formach \u2013 do wyboru:<\/p>\n\n\n\n<p>&#8211; prezentacja ustna w ramach sesji naukowej (10 minut prezentacji);<\/p>\n\n\n\n<p>&#8211; poster naukowy prezentowany w ramach sesji posterowej (3 minuty prezentacji).<\/p>\n\n\n\n<p>Sesje prowadzone b\u0119d\u0105 pod kierunkiem grona profesor\u00f3w o uznanym dorobku oraz do\u015bwiadczonych promotor\u00f3w prac doktorskich. Najlepsze prezentacje w obu kategoriach zostan\u0105 wyr\u00f3\u017cnione Certyfikatem AiU PAN oraz nagrod\u0105 za najlepsz\u0105 prezentacj\u0119.<\/p>\n","protected":false},"excerpt":{"rendered":"<p>Scientific Session for PhD Students under the Patronage of Architecture and Urban Planning Committee, Polish Academy of Science, Dep. in Katowice We invite doctoral students to participate in the scientific session for PhD candidates under the patronage of AiU PAN. Participation is possible in two formats\u2014participants may choose one of the following: The sessions will [&hellip;]<\/p>\n","protected":false},"author":2,"featured_media":0,"parent":0,"menu_order":0,"comment_status":"closed","ping_status":"closed","template":"","meta":{"om_disable_all_campaigns":false,"_monsterinsights_skip_tracking":false,"_monsterinsights_sitenote_active":false,"_monsterinsights_sitenote_note":"","_monsterinsights_sitenote_category":0,"footnotes":""},"class_list":["post-2720","page","type-page","status-publish","hentry"],"_links":{"self":[{"href":"https:\/\/dream-silesia.polsl.pl\/index.php?rest_route=\/wp\/v2\/pages\/2720","targetHints":{"allow":["GET"]}}],"collection":[{"href":"https:\/\/dream-silesia.polsl.pl\/index.php?rest_route=\/wp\/v2\/pages"}],"about":[{"href":"https:\/\/dream-silesia.polsl.pl\/index.php?rest_route=\/wp\/v2\/types\/page"}],"author":[{"embeddable":true,"href":"https:\/\/dream-silesia.polsl.pl\/index.php?rest_route=\/wp\/v2\/users\/2"}],"replies":[{"embeddable":true,"href":"https:\/\/dream-silesia.polsl.pl\/index.php?rest_route=%2Fwp%2Fv2%2Fcomments&post=2720"}],"version-history":[{"count":2,"href":"https:\/\/dream-silesia.polsl.pl\/index.php?rest_route=\/wp\/v2\/pages\/2720\/revisions"}],"predecessor-version":[{"id":2722,"href":"https:\/\/dream-silesia.polsl.pl\/index.php?rest_route=\/wp\/v2\/pages\/2720\/revisions\/2722"}],"wp:attachment":[{"href":"https:\/\/dream-silesia.polsl.pl\/index.php?rest_route=%2Fwp%2Fv2%2Fmedia&parent=2720"}],"curies":[{"name":"wp","href":"https:\/\/api.w.org\/{rel}","templated":true}]}}