{"id":2200,"date":"2025-07-08T12:04:18","date_gmt":"2025-07-08T10:04:18","guid":{"rendered":"https:\/\/dream-silesia.polsl.pl\/?page_id=2200"},"modified":"2025-10-31T11:54:55","modified_gmt":"2025-10-31T10:54:55","slug":"cultural-heritage","status":"publish","type":"page","link":"https:\/\/dream-silesia.polsl.pl\/?page_id=2200","title":{"rendered":"Cultural Heritage"},"content":{"rendered":"\n<p><img decoding=\"async\" class=\"wp-image-2197\" style=\"width: 150px;\" src=\"http:\/\/dream-silesia.polsl.pl\/wp-content\/uploads\/2025\/07\/logo_CH.png\" alt=\"\"><\/p>\n\n\n\n<p><strong>Heritage of architecture of the second half of the twentieth century<\/strong> <strong>&#8211; valorization and limits of transformation<\/strong><\/p>\n\n\n\n<p>The second half of the twentieth century exists between history and the present. This state of peculiar suspension causes that we do not always know how to study, evaluate and protect it. Therefore, often valuable and experimental objects or urban layouts of the Modernist period deteriorate, are transformed or demolished and replaced by new buildings. This perceptible problem results in both irreversible loss of heritage and negates the principles of cultural continuity. The problem occurs both on a national, European and global scale, so cooperation and international exchange of experience is an excellent starting point for finding solutions.<\/p>\n\n\n\n<p>In April 2025 we held the first international conference at the Faculty of Architecture of the Silesian University of Technology on <em>the Heritage of Architecture of the second half of the 20th century.<\/em> At that time we talked about the problems of its preservation in the face of contemporary challenges and about good practices. Contributions from participants from Italy, Portugal, Germany, Turkey, Lithuania and Poland gave our discussion a European dimension, confirming once again that heritage protection is a common problem.<\/p>\n\n\n\n<p>At the forthcoming conference, to be held in April 2026, we would like to consider the problem of valorization in the sense of assessing the value of heritage. Value assessment is the starting point for any conservation or adaptation effort, because it provides answers to three basic questions:<\/p>\n\n\n\n<ul class=\"wp-block-list\">\n<li>What should we absolutely preserve and why?<\/li>\n\n\n\n<li>How much can we transform?<\/li>\n\n\n\n<li>What can we possibly demolish?<\/li>\n<\/ul>\n\n\n\n<p>These are therefore questions of value that provide the framework for our conservation and design decisions.<\/p>\n\n\n\n<p>Examples of demolition, remodeling of buildings, over-densification of settlements, redevelopment of parts of cities and neighborhoods opposed to their original compositional assumptions \u2014 we encounter as an everyday experience. Thus, the features of spaces and places that indicate their initial origins are disappearing, and with them the values of authenticity and integrity. Of course, this process applies not only to Modernist sites, but in their particular case we have the fewest tools to successfully stop it.<\/p>\n\n\n\n<p>In the course of the discussion, therefore, we want to share experiences and explore answers to these and similar questions:<\/p>\n\n\n\n<ul class=\"wp-block-list\">\n<li>How to assess the value of the heritage of architecture and urbanism of the second half of the 20th century?<\/li>\n\n\n\n<li>Is it possible to create a hierarchy of criteria for assessing value and how to apply them to individual buildings and urban layouts?<\/li>\n\n\n\n<li>How to assess the tangible and intangible values of the heritage of architecture and urbanism of the second half of the 20th century?<\/li>\n\n\n\n<li>Are the categories of authenticity and integrity still applicable and how to interpret them nowadays?<\/li>\n\n\n\n<li>Are there limits to acceptable transformations of architecture and urban layouts?<\/li>\n\n\n\n<li>Is it possible to formulate general conservation strategies based on values?<\/li>\n<\/ul>\n\n\n\n<p>We encourage you to share your knowledge and experiences.<br>We hope that the joint discussion will broaden our understanding of the problems of the heritage of architecture of the second half of the 20th century and contribute to efforts for its preservation.<\/p>\n\n\n\n<hr class=\"wp-block-separator has-alpha-channel-opacity\"\/>\n\n\n\n<p><strong>Dziedzictwo architektury drugiej po\u0142owy XX wieku<\/strong> <strong>\u2013 waloryzacja i granice <\/strong>&nbsp;<strong>przekszta\u0142ce\u0144<\/strong><\/p>\n\n\n\n<p>Architektura drugiej po\u0142owy XX wieku istnieje pomi\u0119dzy histori\u0105 a tera\u017aniejszo\u015bci\u0105.&nbsp; Stan swoistego zawieszenia sprawia, \u017ce nie zawsze wiemy, jak j\u0105 bada\u0107, ocenia\u0107 i chroni\u0107. Dlatego te\u017c cz\u0119sto warto\u015bciowe i eksperymentalne obiekty czy za\u0142o\u017cenia urbanistyczne okresu modernizmu niszczej\u0105, s\u0105 przekszta\u0142cane lub wyburzane i zast\u0119powane now\u0105 zabudow\u0105. Ten dostrzegalny problem skutkuje zar\u00f3wno bezpowrotn\u0105 utrat\u0105 dziedzictwa, jak i przeczy zasadom ci\u0105g\u0142o\u015bci kulturowej. Problem wyst\u0119puje zar\u00f3wno w skali krajowej, europejskiej, jak i globalnej, dlatego wsp\u00f3\u0142praca i mi\u0119dzynarodowa wymiana do\u015bwiadcze\u0144 jest znakomitym punktem wyj\u015bcia dla poszukiwania rozwi\u0105za\u0144.<\/p>\n\n\n\n<p>W kwietniu 2025 odby\u0142a si\u0119 pierwsza mi\u0119dzynarodowa konferencja na Wydziale Architektury Politechniki \u015al\u0105skiej po\u015bwi\u0119cona <em>Dziedzictwu architektury 2 po\u0142owy XX wieku.<\/em> Rozmawiali\u015bmy w\u00f3wczas o problemach zwi\u0105zanych z jego ochron\u0105 w obliczu wyzwa\u0144 wsp\u00f3\u0142czesno\u015bci oraz o dobrych praktykach. G\u0142osy uczestnik\u00f3w z W\u0142och, Portugalii, Niemiec, Turcji, Litwy i Polski nada\u0142y naszej dyskusji europejski wymiar potwierdzaj\u0105c zarazem po raz kolejny, i\u017c ochrona dziedzictwa jest problem powszechnym.<\/p>\n\n\n\n<p>Podczas kolejnej konferencji, kt\u00f3ra odb\u0119dzie si\u0119 w kwietniu 2026, b\u0119dziemy chcieli zastanowi\u0107 si\u0119 nad problemem waloryzacji, czyli oceny warto\u015bci dziedzictwa. Ocena warto\u015bci jest punktem wyj\u015bcia do wszelkich dzia\u0142a\u0144 konserwatorskich czy adaptacyjnych, poniewa\u017c dostarcza odpowiedzi na trzy podstawowe pytania:<\/p>\n\n\n\n<ul class=\"wp-block-list\">\n<li>Co i dlaczego powinni\u015bmy bezwzgl\u0119dnie zachowa\u0107?<\/li>\n\n\n\n<li>Co mo\u017cemy przekszta\u0142ci\u0107 i w jakim zakresie?<\/li>\n\n\n\n<li>Co ewentualnie mo\u017cemy wyburzy\u0107?<\/li>\n<\/ul>\n\n\n\n<p>S\u0105 to pytania o warto\u015bci, kt\u00f3rymi kierujemy podejmuj\u0105c decyzje konserwatorskie i projektowe. Przyk\u0142ady wyburzania, przebudowy budynk\u00f3w, dog\u0119szczania osiedli, zabudowywania fragment\u00f3w miast i dzielnic wbrew ich pierwotnym za\u0142o\u017ceniom kompozycyjnym &#8211; spotykamy na codzie\u0144. Zanikaj\u0105 zatem cechy przestrzeni i miejsc \u015bwiadcz\u0105ce o ich oryginalnym rodowodzie, a wraz z nimi warto\u015bci autentyczno\u015bci i integralno\u015bci. Oczywi\u015bcie, proces ten dotyczy nie tylko za\u0142o\u017ce\u0144 modernistycznych, ale w ich w\u0142a\u015bnie przypadku mamy najmniej narz\u0119dzi, aby go skutecznie pohamowa\u0107.<\/p>\n\n\n\n<p>W toku dyskusji chcemy zatem podzieli\u0107 si\u0119 do\u015bwiadczeniami i poszuka\u0107 odpowiedzi na te i podobne pytania:<\/p>\n\n\n\n<ul class=\"wp-block-list\">\n<li>Jak oceni\u0107 warto\u015b\u0107 dziedzictwa architektury i urbanistyki drugiej po\u0142owy XX wieku?<\/li>\n\n\n\n<li>Czy mo\u017cliwe jest skonstruowanie hierarchii kryteri\u00f3w oceny warto\u015bci i jak odnie\u015b\u0107 je do poszczeg\u00f3lnych obiekt\u00f3w i za\u0142o\u017ce\u0144 urbanistycznych?<\/li>\n\n\n\n<li>Jak ocenia\u0107 warto\u015bci materialne i niematerialne dziedzictwa architektury i urbanistyki modernizmu 2 p\u00f3\u0142 XX wieku?<\/li>\n\n\n\n<li>Czy kategorie autentyzmu i integralno\u015bci s\u0105 nadal istotne i jak je interpretowa\u0107?<\/li>\n\n\n\n<li>Czy istniej\u0105 granice dopuszczalnych przekszta\u0142ce\u0144?<\/li>\n\n\n\n<li>Czy mo\u017cliwe jest sformu\u0142owanie og\u00f3lnych strategii ochrony?<\/li>\n<\/ul>\n\n\n\n<p>Zach\u0119camy Pa\u0144stwa do podzielenia si\u0119 wiedz\u0105 i do\u015bwiadczeniami.<br>Mamy nadziej\u0119, i\u017c wsp\u00f3lna dyskusja rozszerzy nasze rozumienie problem\u00f3w dziedzictwa architektury 2 po\u0142owy XX wieku i przyczyni si\u0119 do dzia\u0142a\u0144 na rzecz jej ochrony.<\/p>\n\n\n\n<p><\/p>\n","protected":false},"excerpt":{"rendered":"<p>Heritage of architecture of the second half of the twentieth century &#8211; valorization and limits of transformation The second half of the twentieth century exists between history and the present. This state of peculiar suspension causes that we do not always know how to study, evaluate and protect it. Therefore, often valuable and experimental objects [&hellip;]<\/p>\n","protected":false},"author":2,"featured_media":0,"parent":0,"menu_order":0,"comment_status":"closed","ping_status":"closed","template":"","meta":{"om_disable_all_campaigns":false,"_monsterinsights_skip_tracking":false,"_monsterinsights_sitenote_active":false,"_monsterinsights_sitenote_note":"","_monsterinsights_sitenote_category":0,"footnotes":""},"class_list":["post-2200","page","type-page","status-publish","hentry"],"_links":{"self":[{"href":"https:\/\/dream-silesia.polsl.pl\/index.php?rest_route=\/wp\/v2\/pages\/2200","targetHints":{"allow":["GET"]}}],"collection":[{"href":"https:\/\/dream-silesia.polsl.pl\/index.php?rest_route=\/wp\/v2\/pages"}],"about":[{"href":"https:\/\/dream-silesia.polsl.pl\/index.php?rest_route=\/wp\/v2\/types\/page"}],"author":[{"embeddable":true,"href":"https:\/\/dream-silesia.polsl.pl\/index.php?rest_route=\/wp\/v2\/users\/2"}],"replies":[{"embeddable":true,"href":"https:\/\/dream-silesia.polsl.pl\/index.php?rest_route=%2Fwp%2Fv2%2Fcomments&post=2200"}],"version-history":[{"count":14,"href":"https:\/\/dream-silesia.polsl.pl\/index.php?rest_route=\/wp\/v2\/pages\/2200\/revisions"}],"predecessor-version":[{"id":2653,"href":"https:\/\/dream-silesia.polsl.pl\/index.php?rest_route=\/wp\/v2\/pages\/2200\/revisions\/2653"}],"wp:attachment":[{"href":"https:\/\/dream-silesia.polsl.pl\/index.php?rest_route=%2Fwp%2Fv2%2Fmedia&parent=2200"}],"curies":[{"name":"wp","href":"https:\/\/api.w.org\/{rel}","templated":true}]}}

<p><img decoding="async" class="wp-image-2197" style="width: 150px;" src="http://dream-silesia.polsl.pl/wp-content/uploads/2025/07/logo_CH.png" alt=""></p>



<p><strong>Heritage of architecture of the second half of the twentieth century</strong> <strong>&#8211; valorization and limits of transformation</strong></p>



<p>The second half of the twentieth century exists between history and the present. This state of peculiar suspension causes that we do not always know how to study, evaluate and protect it. Therefore, often valuable and experimental objects or urban layouts of the Modernist period deteriorate, are transformed or demolished and replaced by new buildings. This perceptible problem results in both irreversible loss of heritage and negates the principles of cultural continuity. The problem occurs both on a national, European and global scale, so cooperation and international exchange of experience is an excellent starting point for finding solutions.</p>



<p>In April 2025 we held the first international conference at the Faculty of Architecture of the Silesian University of Technology on <em>the Heritage of Architecture of the second half of the 20th century.</em> At that time we talked about the problems of its preservation in the face of contemporary challenges and about good practices. Contributions from participants from Italy, Portugal, Germany, Turkey, Lithuania and Poland gave our discussion a European dimension, confirming once again that heritage protection is a common problem.</p>



<p>At the forthcoming conference, to be held in April 2026, we would like to consider the problem of valorization in the sense of assessing the value of heritage. Value assessment is the starting point for any conservation or adaptation effort, because it provides answers to three basic questions:</p>



<ul class="wp-block-list">
<li>What should we absolutely preserve and why?</li>



<li>How much can we transform?</li>



<li>What can we possibly demolish?</li>
</ul>



<p>These are therefore questions of value that provide the framework for our conservation and design decisions.</p>



<p>Examples of demolition, remodeling of buildings, over-densification of settlements, redevelopment of parts of cities and neighborhoods opposed to their original compositional assumptions — we encounter as an everyday experience. Thus, the features of spaces and places that indicate their initial origins are disappearing, and with them the values of authenticity and integrity. Of course, this process applies not only to Modernist sites, but in their particular case we have the fewest tools to successfully stop it.</p>



<p>In the course of the discussion, therefore, we want to share experiences and explore answers to these and similar questions:</p>



<ul class="wp-block-list">
<li>How to assess the value of the heritage of architecture and urbanism of the second half of the 20th century?</li>



<li>Is it possible to create a hierarchy of criteria for assessing value and how to apply them to individual buildings and urban layouts?</li>



<li>How to assess the tangible and intangible values of the heritage of architecture and urbanism of the second half of the 20th century?</li>



<li>Are the categories of authenticity and integrity still applicable and how to interpret them nowadays?</li>



<li>Are there limits to acceptable transformations of architecture and urban layouts?</li>



<li>Is it possible to formulate general conservation strategies based on values?</li>
</ul>



<p>We encourage you to share your knowledge and experiences.<br>We hope that the joint discussion will broaden our understanding of the problems of the heritage of architecture of the second half of the 20th century and contribute to efforts for its preservation.</p>



<hr class="wp-block-separator has-alpha-channel-opacity"/>



<p><strong>Dziedzictwo architektury drugiej połowy XX wieku</strong> <strong>– waloryzacja i granice </strong>&nbsp;<strong>przekształceń</strong></p>



<p>Architektura drugiej połowy XX wieku istnieje pomiędzy historią a teraźniejszością.&nbsp; Stan swoistego zawieszenia sprawia, że nie zawsze wiemy, jak ją badać, oceniać i chronić. Dlatego też często wartościowe i eksperymentalne obiekty czy założenia urbanistyczne okresu modernizmu niszczeją, są przekształcane lub wyburzane i zastępowane nową zabudową. Ten dostrzegalny problem skutkuje zarówno bezpowrotną utratą dziedzictwa, jak i przeczy zasadom ciągłości kulturowej. Problem występuje zarówno w skali krajowej, europejskiej, jak i globalnej, dlatego współpraca i międzynarodowa wymiana doświadczeń jest znakomitym punktem wyjścia dla poszukiwania rozwiązań.</p>



<p>W kwietniu 2025 odbyła się pierwsza międzynarodowa konferencja na Wydziale Architektury Politechniki Śląskiej poświęcona <em>Dziedzictwu architektury 2 połowy XX wieku.</em> Rozmawialiśmy wówczas o problemach związanych z jego ochroną w obliczu wyzwań współczesności oraz o dobrych praktykach. Głosy uczestników z Włoch, Portugalii, Niemiec, Turcji, Litwy i Polski nadały naszej dyskusji europejski wymiar potwierdzając zarazem po raz kolejny, iż ochrona dziedzictwa jest problem powszechnym.</p>



<p>Podczas kolejnej konferencji, która odbędzie się w kwietniu 2026, będziemy chcieli zastanowić się nad problemem waloryzacji, czyli oceny wartości dziedzictwa. Ocena wartości jest punktem wyjścia do wszelkich działań konserwatorskich czy adaptacyjnych, ponieważ dostarcza odpowiedzi na trzy podstawowe pytania:</p>



<ul class="wp-block-list">
<li>Co i dlaczego powinniśmy bezwzględnie zachować?</li>



<li>Co możemy przekształcić i w jakim zakresie?</li>



<li>Co ewentualnie możemy wyburzyć?</li>
</ul>



<p>Są to pytania o wartości, którymi kierujemy podejmując decyzje konserwatorskie i projektowe. Przykłady wyburzania, przebudowy budynków, dogęszczania osiedli, zabudowywania fragmentów miast i dzielnic wbrew ich pierwotnym założeniom kompozycyjnym &#8211; spotykamy na codzień. Zanikają zatem cechy przestrzeni i miejsc świadczące o ich oryginalnym rodowodzie, a wraz z nimi wartości autentyczności i integralności. Oczywiście, proces ten dotyczy nie tylko założeń modernistycznych, ale w ich właśnie przypadku mamy najmniej narzędzi, aby go skutecznie pohamować.</p>



<p>W toku dyskusji chcemy zatem podzielić się doświadczeniami i poszukać odpowiedzi na te i podobne pytania:</p>



<ul class="wp-block-list">
<li>Jak ocenić wartość dziedzictwa architektury i urbanistyki drugiej połowy XX wieku?</li>



<li>Czy możliwe jest skonstruowanie hierarchii kryteriów oceny wartości i jak odnieść je do poszczególnych obiektów i założeń urbanistycznych?</li>



<li>Jak oceniać wartości materialne i niematerialne dziedzictwa architektury i urbanistyki modernizmu 2 pół XX wieku?</li>



<li>Czy kategorie autentyzmu i integralności są nadal istotne i jak je interpretować?</li>



<li>Czy istnieją granice dopuszczalnych przekształceń?</li>



<li>Czy możliwe jest sformułowanie ogólnych strategii ochrony?</li>
</ul>



<p>Zachęcamy Państwa do podzielenia się wiedzą i doświadczeniami.<br>Mamy nadzieję, iż wspólna dyskusja rozszerzy nasze rozumienie problemów dziedzictwa architektury 2 połowy XX wieku i przyczyni się do działań na rzecz jej ochrony.</p>



<p></p>
